{"id":69640,"date":"2024-11-16T21:20:16","date_gmt":"2024-11-16T18:20:16","guid":{"rendered":"https:\/\/www.vidzeme.lv\/about-us\/vadiba\/"},"modified":"2025-08-11T16:13:20","modified_gmt":"2025-08-11T13:13:20","slug":"leadership","status":"publish","type":"page","link":"https:\/\/www.vidzeme.lv\/en\/about-us\/leadership\/","title":{"rendered":"Political leadership of the Vidzeme Planning Region"},"content":{"rendered":"<div class=\"wpb-content-wrapper\"><p>[vc_row][vc_column]<div class='vc-heading' id=''><h4 id=\"chair-of-the-vidzeme-planning-region-development-council\">CHAIR OF THE VIDZEME PLANNING REGION DEVELOPMENT COUNCIL<\/h4><\/div><div class='vc-highlighted-text' id=''><p><strong>Inese Suija-Markova<\/strong>, Deputy Chair of C\u0113sis County Council<\/p><\/div>[\/vc_column][\/vc_row][vc_row][vc_column]<div class='vc-heading' id=''><h4 id=\"deputy-chair-of-the-vidzeme-planning-region-development-council\">DEPUTY CHAIR OF THE VIDZEME PLANNING REGION DEVELOPMENT COUNCIL <\/h4><\/div><div class='vc-highlighted-text' id=''><p><strong>Gints S\u012bvi\u0146\u0161<\/strong>, Member of the Ogre Municipal Council<\/p>\n<p><b>Guntis Gladkins, <\/b>Deputy Chair of the Valmiera County Council<\/p>\n<p><strong>Normunds L\u012bcis,<\/strong> Chair of the Saulkrasti County Council<\/p><\/div>[\/vc_column][\/vc_row][vc_row][vc_column]<style>.image-649fa7e6e325313fda0f88291df3ecf1 img.gallery-main-image { aspect-ratio: revert-layer!important; }<\/style><div class=\"article-image gallery border-round image-649fa7e6e325313fda0f88291df3ecf1\"><img loading=\"lazy\" decoding=\"async\" width=\"2560\" height=\"1707\" src=\"https:\/\/www.vidzeme.lv\/wp-content\/uploads\/2025\/08\/Attistibas-padome_2025aug_ISM_GG_NL_GS-scaled.jpg\" class=\" gallery-main-image\" alt=\"\" data-id=\"vc-gallery649fa7e6e325313fda0f88291df3ecf1\" tabindex=\"0\" srcset=\"https:\/\/www.vidzeme.lv\/wp-content\/uploads\/2025\/08\/Attistibas-padome_2025aug_ISM_GG_NL_GS-scaled.jpg 2560w, https:\/\/www.vidzeme.lv\/wp-content\/uploads\/2025\/08\/Attistibas-padome_2025aug_ISM_GG_NL_GS-300x200.jpg 300w, https:\/\/www.vidzeme.lv\/wp-content\/uploads\/2025\/08\/Attistibas-padome_2025aug_ISM_GG_NL_GS-1024x683.jpg 1024w, https:\/\/www.vidzeme.lv\/wp-content\/uploads\/2025\/08\/Attistibas-padome_2025aug_ISM_GG_NL_GS-768x512.jpg 768w, https:\/\/www.vidzeme.lv\/wp-content\/uploads\/2025\/08\/Attistibas-padome_2025aug_ISM_GG_NL_GS-1536x1024.jpg 1536w, https:\/\/www.vidzeme.lv\/wp-content\/uploads\/2025\/08\/Attistibas-padome_2025aug_ISM_GG_NL_GS-2048x1365.jpg 2048w\" sizes=\"auto, (max-width: 2560px) 100vw, 2560px\" \/><\/div><p class=\"image-caption\"><\/p>[\/vc_column][\/vc_row]<\/p>\n<\/div>","protected":false},"excerpt":{"rendered":"<p>[vc_row][vc_column][\/vc_column][\/vc_row][vc_row][vc_column][\/vc_column][\/vc_row][vc_row][vc_column][\/vc_column][\/vc_row]<\/p>\n","protected":false},"author":5,"featured_media":0,"parent":31869,"menu_order":0,"comment_status":"closed","ping_status":"closed","template":"","meta":{"_acf_changed":false,"footnotes":""},"class_list":["post-69640","page","type-page","status-publish","hentry"],"acf":[],"yoast_head":"<!-- This site is optimized with the Yoast SEO plugin v25.6 - https:\/\/yoast.com\/wordpress\/plugins\/seo\/ -->\n<title>Political leadership of the Vidzeme Planning Region - Vidzemes pl\u0101no\u0161anas re\u0123ions<\/title>\n<meta name=\"description\" content=\"[vc_row][vc_column][\/vc_column][\/vc_row][vc_row][vc_column][\/vc_column][\/vc_row][vc_row][vc_column][\/vc_column][\/vc_row]\" \/>\n<meta name=\"robots\" content=\"index, follow, max-snippet:-1, max-image-preview:large, max-video-preview:-1\" \/>\n<link rel=\"canonical\" href=\"https:\/\/www.vidzeme.lv\/en\/about-us\/leadership\/\" \/>\n<meta property=\"og:locale\" content=\"en_US\" \/>\n<meta property=\"og:type\" content=\"article\" \/>\n<meta property=\"og:title\" content=\"Political leadership of the Vidzeme Planning Region - Vidzemes pl\u0101no\u0161anas re\u0123ions\" \/>\n<meta property=\"og:description\" content=\"[vc_row][vc_column][\/vc_column][\/vc_row][vc_row][vc_column][\/vc_column][\/vc_row][vc_row][vc_column][\/vc_column][\/vc_row]\" \/>\n<meta property=\"og:url\" content=\"https:\/\/www.vidzeme.lv\/en\/about-us\/leadership\/\" \/>\n<meta property=\"og:site_name\" content=\"Vidzemes pl\u0101no\u0161anas re\u0123ions\" \/>\n<meta property=\"article:modified_time\" content=\"2025-08-11T13:13:20+00:00\" \/>\n<meta name=\"twitter:card\" content=\"summary_large_image\" \/>\n<meta name=\"twitter:label1\" content=\"Est. reading time\" \/>\n\t<meta name=\"twitter:data1\" content=\"1 minute\" \/>\n<script type=\"application\/ld+json\" class=\"yoast-schema-graph\">{\"@context\":\"https:\/\/schema.org\",\"@graph\":[{\"@type\":\"WebPage\",\"@id\":\"https:\/\/www.vidzeme.lv\/en\/about-us\/leadership\/\",\"url\":\"https:\/\/www.vidzeme.lv\/en\/about-us\/leadership\/\",\"name\":\"Political leadership of the Vidzeme Planning Region - Vidzemes pl\u0101no\u0161anas re\u0123ions\",\"isPartOf\":{\"@id\":\"https:\/\/www.vidzeme.lv\/en\/#website\"},\"datePublished\":\"2024-11-16T18:20:16+00:00\",\"dateModified\":\"2025-08-11T13:13:20+00:00\",\"description\":\"[vc_row][vc_column][\/vc_column][\/vc_row][vc_row][vc_column][\/vc_column][\/vc_row][vc_row][vc_column][\/vc_column][\/vc_row]\",\"breadcrumb\":{\"@id\":\"https:\/\/www.vidzeme.lv\/en\/about-us\/leadership\/#breadcrumb\"},\"inLanguage\":\"en-US\",\"potentialAction\":[{\"@type\":\"ReadAction\",\"target\":[\"https:\/\/www.vidzeme.lv\/en\/about-us\/leadership\/\"]}]},{\"@type\":\"BreadcrumbList\",\"@id\":\"https:\/\/www.vidzeme.lv\/en\/about-us\/leadership\/#breadcrumb\",\"itemListElement\":[{\"@type\":\"ListItem\",\"position\":1,\"name\":\"Home\",\"item\":\"https:\/\/www.vidzeme.lv\/en\/\"},{\"@type\":\"ListItem\",\"position\":2,\"name\":\"About Us\",\"item\":\"https:\/\/www.vidzeme.lv\/en\/about-us\/\"},{\"@type\":\"ListItem\",\"position\":3,\"name\":\"Political leadership of the Vidzeme Planning Region\"}]},{\"@type\":\"WebSite\",\"@id\":\"https:\/\/www.vidzeme.lv\/en\/#website\",\"url\":\"https:\/\/www.vidzeme.lv\/en\/\",\"name\":\"Vidzeme\",\"description\":\"Vidzemes pl\u0101no\u0161anas re\u0123ions\",\"publisher\":{\"@id\":\"https:\/\/www.vidzeme.lv\/en\/#organization\"},\"potentialAction\":[{\"@type\":\"SearchAction\",\"target\":{\"@type\":\"EntryPoint\",\"urlTemplate\":\"https:\/\/www.vidzeme.lv\/en\/?s={search_term_string}\"},\"query-input\":{\"@type\":\"PropertyValueSpecification\",\"valueRequired\":true,\"valueName\":\"search_term_string\"}}],\"inLanguage\":\"en-US\"},{\"@type\":\"Organization\",\"@id\":\"https:\/\/www.vidzeme.lv\/en\/#organization\",\"name\":\"Vidzemes pl\u0101no\u0161anas re\u0123ions\",\"url\":\"https:\/\/www.vidzeme.lv\/en\/\",\"logo\":{\"@type\":\"ImageObject\",\"inLanguage\":\"en-US\",\"@id\":\"https:\/\/www.vidzeme.lv\/en\/#\/schema\/logo\/image\/\",\"url\":\"https:\/\/www.vidzeme.lv\/wp-content\/uploads\/2023\/05\/logo.png\",\"contentUrl\":\"https:\/\/www.vidzeme.lv\/wp-content\/uploads\/2023\/05\/logo.png\",\"width\":291,\"height\":186,\"caption\":\"Vidzemes pl\u0101no\u0161anas re\u0123ions\"},\"image\":{\"@id\":\"https:\/\/www.vidzeme.lv\/en\/#\/schema\/logo\/image\/\"}}]}<\/script>\n<!-- \/ Yoast SEO plugin. -->","yoast_head_json":{"title":"Political leadership of the Vidzeme Planning Region - Vidzemes pl\u0101no\u0161anas re\u0123ions","description":"[vc_row][vc_column][\/vc_column][\/vc_row][vc_row][vc_column][\/vc_column][\/vc_row][vc_row][vc_column][\/vc_column][\/vc_row]","robots":{"index":"index","follow":"follow","max-snippet":"max-snippet:-1","max-image-preview":"max-image-preview:large","max-video-preview":"max-video-preview:-1"},"canonical":"https:\/\/www.vidzeme.lv\/en\/about-us\/leadership\/","og_locale":"en_US","og_type":"article","og_title":"Political leadership of the Vidzeme Planning Region - Vidzemes pl\u0101no\u0161anas re\u0123ions","og_description":"[vc_row][vc_column][\/vc_column][\/vc_row][vc_row][vc_column][\/vc_column][\/vc_row][vc_row][vc_column][\/vc_column][\/vc_row]","og_url":"https:\/\/www.vidzeme.lv\/en\/about-us\/leadership\/","og_site_name":"Vidzemes pl\u0101no\u0161anas re\u0123ions","article_modified_time":"2025-08-11T13:13:20+00:00","twitter_card":"summary_large_image","twitter_misc":{"Est. reading time":"1 minute"},"schema":{"@context":"https:\/\/schema.org","@graph":[{"@type":"WebPage","@id":"https:\/\/www.vidzeme.lv\/en\/about-us\/leadership\/","url":"https:\/\/www.vidzeme.lv\/en\/about-us\/leadership\/","name":"Political leadership of the Vidzeme Planning Region - Vidzemes pl\u0101no\u0161anas re\u0123ions","isPartOf":{"@id":"https:\/\/www.vidzeme.lv\/en\/#website"},"datePublished":"2024-11-16T18:20:16+00:00","dateModified":"2025-08-11T13:13:20+00:00","description":"[vc_row][vc_column][\/vc_column][\/vc_row][vc_row][vc_column][\/vc_column][\/vc_row][vc_row][vc_column][\/vc_column][\/vc_row]","breadcrumb":{"@id":"https:\/\/www.vidzeme.lv\/en\/about-us\/leadership\/#breadcrumb"},"inLanguage":"en-US","potentialAction":[{"@type":"ReadAction","target":["https:\/\/www.vidzeme.lv\/en\/about-us\/leadership\/"]}]},{"@type":"BreadcrumbList","@id":"https:\/\/www.vidzeme.lv\/en\/about-us\/leadership\/#breadcrumb","itemListElement":[{"@type":"ListItem","position":1,"name":"Home","item":"https:\/\/www.vidzeme.lv\/en\/"},{"@type":"ListItem","position":2,"name":"About Us","item":"https:\/\/www.vidzeme.lv\/en\/about-us\/"},{"@type":"ListItem","position":3,"name":"Political leadership of the Vidzeme Planning Region"}]},{"@type":"WebSite","@id":"https:\/\/www.vidzeme.lv\/en\/#website","url":"https:\/\/www.vidzeme.lv\/en\/","name":"Vidzeme","description":"Vidzemes pl\u0101no\u0161anas re\u0123ions","publisher":{"@id":"https:\/\/www.vidzeme.lv\/en\/#organization"},"potentialAction":[{"@type":"SearchAction","target":{"@type":"EntryPoint","urlTemplate":"https:\/\/www.vidzeme.lv\/en\/?s={search_term_string}"},"query-input":{"@type":"PropertyValueSpecification","valueRequired":true,"valueName":"search_term_string"}}],"inLanguage":"en-US"},{"@type":"Organization","@id":"https:\/\/www.vidzeme.lv\/en\/#organization","name":"Vidzemes pl\u0101no\u0161anas re\u0123ions","url":"https:\/\/www.vidzeme.lv\/en\/","logo":{"@type":"ImageObject","inLanguage":"en-US","@id":"https:\/\/www.vidzeme.lv\/en\/#\/schema\/logo\/image\/","url":"https:\/\/www.vidzeme.lv\/wp-content\/uploads\/2023\/05\/logo.png","contentUrl":"https:\/\/www.vidzeme.lv\/wp-content\/uploads\/2023\/05\/logo.png","width":291,"height":186,"caption":"Vidzemes pl\u0101no\u0161anas re\u0123ions"},"image":{"@id":"https:\/\/www.vidzeme.lv\/en\/#\/schema\/logo\/image\/"}}]}},"_links":{"self":[{"href":"https:\/\/www.vidzeme.lv\/en\/wp-json\/wp\/v2\/pages\/69640","targetHints":{"allow":["GET"]}}],"collection":[{"href":"https:\/\/www.vidzeme.lv\/en\/wp-json\/wp\/v2\/pages"}],"about":[{"href":"https:\/\/www.vidzeme.lv\/en\/wp-json\/wp\/v2\/types\/page"}],"author":[{"embeddable":true,"href":"https:\/\/www.vidzeme.lv\/en\/wp-json\/wp\/v2\/users\/5"}],"replies":[{"embeddable":true,"href":"https:\/\/www.vidzeme.lv\/en\/wp-json\/wp\/v2\/comments?post=69640"}],"version-history":[{"count":6,"href":"https:\/\/www.vidzeme.lv\/en\/wp-json\/wp\/v2\/pages\/69640\/revisions"}],"predecessor-version":[{"id":72240,"href":"https:\/\/www.vidzeme.lv\/en\/wp-json\/wp\/v2\/pages\/69640\/revisions\/72240"}],"up":[{"embeddable":true,"href":"https:\/\/www.vidzeme.lv\/en\/wp-json\/wp\/v2\/pages\/31869"}],"wp:attachment":[{"href":"https:\/\/www.vidzeme.lv\/en\/wp-json\/wp\/v2\/media?parent=69640"}],"curies":[{"name":"wp","href":"https:\/\/api.w.org\/{rel}","templated":true}]}}

<div class="wpb-content-wrapper"><p>[vc_row][vc_column]<div class='vc-heading' id=''><h4 id="chair-of-the-vidzeme-planning-region-development-council">CHAIR OF THE VIDZEME PLANNING REGION DEVELOPMENT COUNCIL</h4></div><div class='vc-highlighted-text' id=''><p><strong>Inese Suija-Markova</strong>, Deputy Chair of Cēsis County Council</p></div>[/vc_column][/vc_row][vc_row][vc_column]<div class='vc-heading' id=''><h4 id="deputy-chair-of-the-vidzeme-planning-region-development-council">DEPUTY CHAIR OF THE VIDZEME PLANNING REGION DEVELOPMENT COUNCIL </h4></div><div class='vc-highlighted-text' id=''><p><strong>Gints Sīviņš</strong>, Member of the Ogre Municipal Council</p>
<p><b>Guntis Gladkins, </b>Deputy Chair of the Valmiera County Council</p>
<p><strong>Normunds Līcis,</strong> Chair of the Saulkrasti County Council</p></div>[/vc_column][/vc_row][vc_row][vc_column]<style>.image-649fa7e6e325313fda0f88291df3ecf1 img.gallery-main-image { aspect-ratio: revert-layer!important; }</style><div class="article-image gallery border-round image-649fa7e6e325313fda0f88291df3ecf1"><img loading="lazy" decoding="async" width="2560" height="1707" src="https://www.vidzeme.lv/wp-content/uploads/2025/08/Attistibas-padome_2025aug_ISM_GG_NL_GS-scaled.jpg" class=" gallery-main-image" alt="" data-id="vc-gallery649fa7e6e325313fda0f88291df3ecf1" tabindex="0" srcset="https://www.vidzeme.lv/wp-content/uploads/2025/08/Attistibas-padome_2025aug_ISM_GG_NL_GS-scaled.jpg 2560w, https://www.vidzeme.lv/wp-content/uploads/2025/08/Attistibas-padome_2025aug_ISM_GG_NL_GS-300x200.jpg 300w, https://www.vidzeme.lv/wp-content/uploads/2025/08/Attistibas-padome_2025aug_ISM_GG_NL_GS-1024x683.jpg 1024w, https://www.vidzeme.lv/wp-content/uploads/2025/08/Attistibas-padome_2025aug_ISM_GG_NL_GS-768x512.jpg 768w, https://www.vidzeme.lv/wp-content/uploads/2025/08/Attistibas-padome_2025aug_ISM_GG_NL_GS-1536x1024.jpg 1536w, https://www.vidzeme.lv/wp-content/uploads/2025/08/Attistibas-padome_2025aug_ISM_GG_NL_GS-2048x1365.jpg 2048w" sizes="auto, (max-width: 2560px) 100vw, 2560px" /></div><p class="image-caption"></p>[/vc_column][/vc_row]</p>
</div>

<!-- This site is optimized with the Yoast SEO plugin v25.6 - https://yoast.com/wordpress/plugins/seo/ -->
<title>Political leadership of the Vidzeme Planning Region - Vidzemes plānošanas reģions</title>
<meta name="description" content="[vc_row][vc_column][/vc_column][/vc_row][vc_row][vc_column][/vc_column][/vc_row][vc_row][vc_column][/vc_column][/vc_row]" />
<meta name="robots" content="index, follow, max-snippet:-1, max-image-preview:large, max-video-preview:-1" />
<link rel="canonical" href="https://www.vidzeme.lv/en/about-us/leadership/" />
<meta property="og:locale" content="en_US" />
<meta property="og:type" content="article" />
<meta property="og:title" content="Political leadership of the Vidzeme Planning Region - Vidzemes plānošanas reģions" />
<meta property="og:description" content="[vc_row][vc_column][/vc_column][/vc_row][vc_row][vc_column][/vc_column][/vc_row][vc_row][vc_column][/vc_column][/vc_row]" />
<meta property="og:url" content="https://www.vidzeme.lv/en/about-us/leadership/" />
<meta property="og:site_name" content="Vidzemes plānošanas reģions" />
<meta property="article:modified_time" content="2025-08-11T13:13:20+00:00" />
<meta name="twitter:card" content="summary_large_image" />
<meta name="twitter:label1" content="Est. reading time" />
	<meta name="twitter:data1" content="1 minute" />
<script type="application/ld+json" class="yoast-schema-graph">{"@context":"https://schema.org","@graph":[{"@type":"WebPage","@id":"https://www.vidzeme.lv/en/about-us/leadership/","url":"https://www.vidzeme.lv/en/about-us/leadership/","name":"Political leadership of the Vidzeme Planning Region - Vidzemes plānošanas reģions","isPartOf":{"@id":"https://www.vidzeme.lv/en/#website"},"datePublished":"2024-11-16T18:20:16+00:00","dateModified":"2025-08-11T13:13:20+00:00","description":"[vc_row][vc_column][/vc_column][/vc_row][vc_row][vc_column][/vc_column][/vc_row][vc_row][vc_column][/vc_column][/vc_row]","breadcrumb":{"@id":"https://www.vidzeme.lv/en/about-us/leadership/#breadcrumb"},"inLanguage":"en-US","potentialAction":[{"@type":"ReadAction","target":["https://www.vidzeme.lv/en/about-us/leadership/"]}]},{"@type":"BreadcrumbList","@id":"https://www.vidzeme.lv/en/about-us/leadership/#breadcrumb","itemListElement":[{"@type":"ListItem","position":1,"name":"Home","item":"https://www.vidzeme.lv/en/"},{"@type":"ListItem","position":2,"name":"About Us","item":"https://www.vidzeme.lv/en/about-us/"},{"@type":"ListItem","position":3,"name":"Political leadership of the Vidzeme Planning Region"}]},{"@type":"WebSite","@id":"https://www.vidzeme.lv/en/#website","url":"https://www.vidzeme.lv/en/","name":"Vidzeme","description":"Vidzemes plānošanas reģions","publisher":{"@id":"https://www.vidzeme.lv/en/#organization"},"potentialAction":[{"@type":"SearchAction","target":{"@type":"EntryPoint","urlTemplate":"https://www.vidzeme.lv/en/?s={search_term_string}"},"query-input":{"@type":"PropertyValueSpecification","valueRequired":true,"valueName":"search_term_string"}}],"inLanguage":"en-US"},{"@type":"Organization","@id":"https://www.vidzeme.lv/en/#organization","name":"Vidzemes plānošanas reģions","url":"https://www.vidzeme.lv/en/","logo":{"@type":"ImageObject","inLanguage":"en-US","@id":"https://www.vidzeme.lv/en/#/schema/logo/image/","url":"https://www.vidzeme.lv/wp-content/uploads/2023/05/logo.png","contentUrl":"https://www.vidzeme.lv/wp-content/uploads/2023/05/logo.png","width":291,"height":186,"caption":"Vidzemes plānošanas reģions"},"image":{"@id":"https://www.vidzeme.lv/en/#/schema/logo/image/"}}]}</script>
<!-- / Yoast SEO plugin. -->

Political leadership of the Vidzeme Planning Region - Vidzemes plānošanas reģions

Vidzemes plānošanas reģions
